{"id":104,"date":"2014-02-28T16:00:23","date_gmt":"2014-02-28T15:00:23","guid":{"rendered":"http:\/\/ghae.fr\/?page_id=104"},"modified":"2019-10-08T16:51:36","modified_gmt":"2019-10-08T14:51:36","slug":"articles-de-presse","status":"publish","type":"page","link":"http:\/\/ghae.fr\/?page_id=104","title":{"rendered":"Articles de presse"},"content":{"rendered":"<p style=\"text-align: center;\"><span style=\"text-decoration: underline; color: #00ff00;\"><strong>Archives journalistiques personnelles et professionnelles<\/strong><\/span><\/p>\n<p style=\"text-align: center;\"><a href=\"http:\/\/ghae.fr\/wp-content\/uploads\/2014\/02\/Sud-Ouest-4-Avril-2009.jpg\"><img decoding=\"async\" loading=\"lazy\" class=\"alignnone size-full wp-image-277\" src=\"http:\/\/ghae.fr\/wp-content\/uploads\/2014\/02\/Sud-Ouest-4-Avril-2009.jpg\" alt=\"Sud Ouest 4 Avril 2009\" width=\"662\" height=\"1017\" srcset=\"http:\/\/ghae.fr\/wp-content\/uploads\/2014\/02\/Sud-Ouest-4-Avril-2009.jpg 662w, http:\/\/ghae.fr\/wp-content\/uploads\/2014\/02\/Sud-Ouest-4-Avril-2009-195x300.jpg 195w\" sizes=\"(max-width: 662px) 100vw, 662px\" \/><\/a><\/p>\n<p>2012 :<\/p>\n<p><a title=\"Le Boxing club un peu \u00e0 l'\u00e9troit - La R\u00e9publique 28 Janvier 2012\" href=\"http:\/\/www.larepubliquedespyrenees.fr\/2012\/01\/28\/le-boxing-club-un-peu-a-l-etroit,224826.php\" target=\"_blank\" rel=\"noopener noreferrer\">Le Boxing club un peu \u00e0 l&rsquo;\u00e9troit &#8211; La R\u00e9publique 28 Janvier 2012<\/a><\/p>\n<p><a title=\"Une nouvelle association cr\u00e9\u00e9e autour du sport : l'Orth\u00e9zienne - La R\u00e9publique 23 Avril 2012\" href=\"http:\/\/www.larepubliquedespyrenees.fr\/2012\/04\/23\/une-nouvelle-association-creee-autour-du-sport-l-orthezienne,233194.php\" target=\"_blank\" rel=\"noopener noreferrer\">Une nouvelle association cr\u00e9\u00e9e autour du sport : l&rsquo;Orth\u00e9zienne &#8211; La R\u00e9publique 23 Avril 2012<\/a><\/p>\n<p><a href=\"http:\/\/www.larepubliquedespyrenees.fr\/2012\/06\/22\/l-orthezienne-est-en-marche,1088356.php\" target=\"_blank\" rel=\"noopener noreferrer\">L&rsquo;Orth\u00e9zienne est en marche &#8211; La R\u00e9publique 22 Juin 2012<\/a><\/p>\n<p><a href=\"http:\/\/www.sudouest.fr\/2012\/06\/23\/a-vos-baskets-mesdames-751168-4329.php\" target=\"_blank\" rel=\"noopener noreferrer\">\u00c0 vos baskets mesdames! &#8211; Sud Ouest 23 Juin 2012<\/a><\/p>\n<p><a href=\"http:\/\/www.sudouest.fr\/2012\/07\/02\/un-tres-bon-millesime-758862-4329.php\" target=\"_blank\" rel=\"noopener noreferrer\">Un tr\u00e8s bon mill\u00e9sime &#8211; Sud Ouest 2 Juillet 2012<\/a><\/p>\n<p>2013 :<\/p>\n<p><a title=\"La Boxe droite dans ses gants - Sud Ouest 23 Janvier 2013\" href=\"http:\/\/www.sudouest.fr\/2013\/01\/23\/la-boxe-droite-dans-ses-gants-943186-4707.php\" target=\"_blank\" rel=\"noopener noreferrer\">La Boxe droite dans ses gants &#8211; Sud Ouest 23 Janvier 2013<\/a><\/p>\n<p><a title=\"La pr\u00e9vention des chutes tr\u00e8s appr\u00e9ci\u00e9e des seniors - Sud Ouest 22 F\u00e9vrier 2013\" href=\"http:\/\/www.sudouest.fr\/2013\/02\/22\/la-prevention-des-chutes-tres-appreciee-des-seniors-974346-4329.php\" target=\"_blank\" rel=\"noopener noreferrer\">La pr\u00e9vention des chutes tr\u00e8s appr\u00e9ci\u00e9e des seniors &#8211; Sud Ouest 22 F\u00e9vrier 2013<\/a><\/p>\n<p><a href=\"http:\/\/www.larepubliquedespyrenees.fr\/2013\/10\/23\/ticket-sport-tennis-roller-et-escalade-passent-en-tete,1161243.php\" target=\"_blank\" rel=\"noopener noreferrer\">Activit\u00e9s sportives de vacances &#8211; La R\u00e9publique 23 Octobre 2013<\/a><\/p>\n<p><a href=\"http:\/\/www.sudouest.fr\/2013\/06\/04\/l-orthezienne-une-course-de-femmes-solidaires-1073644-4329.php#article-comments\" target=\"_blank\" rel=\"noopener noreferrer\">L&rsquo;Orth\u00e9zienne, une course de femmes solidaires &#8211; Sud Ouest 4 Juin 2013<\/a><\/p>\n<p><a href=\"http:\/\/www.larepubliquedespyrenees.fr\/2013\/06\/26\/les-casetas-de-sport-y-fiesta-pour-vraiment-demarrer-l-ete,1138583.php\" target=\"_blank\" rel=\"noopener noreferrer\">Orthez : les casetas de Sport Y Fiesta pour vraiment d\u00e9marrer l&rsquo;\u00e9t\u00e9 &#8211; La R\u00e9publique 26 Juin 2013<\/a><\/p>\n<p>2014 :<\/p>\n<p><a title=\"Sport Y Fiesta va revenir en compagnie de l'Orth\u00e9zienne - La R\u00e9publique 26 D\u00e9cembre 2014\" href=\"http:\/\/www.larepubliquedespyrenees.fr\/2014\/12\/26\/sport-y-fiesta-va-revenir-en-compagnie-de-l-orthezienne,1225853.php#\" target=\"_blank\" rel=\"noopener noreferrer\">Sport Y Fiesta va revenir en compagnie de l&rsquo;Orth\u00e9zienne &#8211; La R\u00e9publique 26 D\u00e9cembre 2014<\/a><\/p>\n<p>2015 :<\/p>\n<p><a href=\"http:\/\/ghae.fr\/wp-content\/uploads\/2014\/02\/AG-BCO-2015.jpg\"><img decoding=\"async\" loading=\"lazy\" class=\"size-full wp-image-359 aligncenter\" src=\"http:\/\/ghae.fr\/wp-content\/uploads\/2014\/02\/AG-BCO-2015.jpg\" alt=\"AG BCO 2015\" width=\"834\" height=\"673\" srcset=\"http:\/\/ghae.fr\/wp-content\/uploads\/2014\/02\/AG-BCO-2015.jpg 834w, http:\/\/ghae.fr\/wp-content\/uploads\/2014\/02\/AG-BCO-2015-300x242.jpg 300w\" sizes=\"(max-width: 834px) 100vw, 834px\" \/><\/a><\/p>\n<p><a href=\"http:\/\/www.larepubliquedespyrenees.fr\/2015\/06\/23\/sport-y-fiesta-une-belle-aventure-entre-associations,1259016.php#\" target=\"_blank\" rel=\"noopener noreferrer\">Sport Y Fiesta, une belle aventure entre associations &#8211; La R\u00e9publique 23 Juin 2015<\/a><\/p>\n<p>2016 :<\/p>\n<p><a href=\"http:\/\/ghae.fr\/wp-content\/uploads\/2014\/02\/Sud-Ouest-AG-2016.jpg\" rel=\"attachment wp-att-389\"><img decoding=\"async\" loading=\"lazy\" class=\"size-full wp-image-389 aligncenter\" src=\"http:\/\/ghae.fr\/wp-content\/uploads\/2014\/02\/Sud-Ouest-AG-2016.jpg\" alt=\"Sud Ouest AG 2016\" width=\"2021\" height=\"1479\" srcset=\"http:\/\/ghae.fr\/wp-content\/uploads\/2014\/02\/Sud-Ouest-AG-2016.jpg 2021w, http:\/\/ghae.fr\/wp-content\/uploads\/2014\/02\/Sud-Ouest-AG-2016-300x220.jpg 300w, http:\/\/ghae.fr\/wp-content\/uploads\/2014\/02\/Sud-Ouest-AG-2016-768x562.jpg 768w, http:\/\/ghae.fr\/wp-content\/uploads\/2014\/02\/Sud-Ouest-AG-2016-1024x749.jpg 1024w\" sizes=\"(max-width: 2021px) 100vw, 2021px\" \/><\/a><\/p>\n<p style=\"text-align: center;\"><a href=\"http:\/\/ghae.fr\/wp-content\/uploads\/2014\/02\/Journal-Sud-Ouest-Mardi-5-Juillet-2016.jpg\"><img decoding=\"async\" loading=\"lazy\" class=\"alignnone size-full wp-image-427\" src=\"http:\/\/ghae.fr\/wp-content\/uploads\/2014\/02\/Journal-Sud-Ouest-Mardi-5-Juillet-2016.jpg\" alt=\"journal-sud-ouest-mardi-5-juillet-2016\" width=\"639\" height=\"960\" srcset=\"http:\/\/ghae.fr\/wp-content\/uploads\/2014\/02\/Journal-Sud-Ouest-Mardi-5-Juillet-2016.jpg 639w, http:\/\/ghae.fr\/wp-content\/uploads\/2014\/02\/Journal-Sud-Ouest-Mardi-5-Juillet-2016-200x300.jpg 200w\" sizes=\"(max-width: 639px) 100vw, 639px\" \/><\/a><\/p>\n<p style=\"text-align: center;\"><a href=\"http:\/\/ghae.fr\/wp-content\/uploads\/2014\/02\/Journal-La-R\u00e9publique-Lundi-11-Juillet-2016.jpg\"><img decoding=\"async\" loading=\"lazy\" class=\"alignnone size-full wp-image-428\" src=\"http:\/\/ghae.fr\/wp-content\/uploads\/2014\/02\/Journal-La-R\u00e9publique-Lundi-11-Juillet-2016.jpg\" alt=\"journal-la-republique-lundi-11-juillet-2016\" width=\"750\" height=\"313\" srcset=\"http:\/\/ghae.fr\/wp-content\/uploads\/2014\/02\/Journal-La-R\u00e9publique-Lundi-11-Juillet-2016.jpg 750w, http:\/\/ghae.fr\/wp-content\/uploads\/2014\/02\/Journal-La-R\u00e9publique-Lundi-11-Juillet-2016-300x125.jpg 300w\" sizes=\"(max-width: 750px) 100vw, 750px\" \/><\/a><\/p>\n<p style=\"text-align: left;\">2017 :<\/p>\n<p style=\"text-align: center;\"><a href=\"http:\/\/ghae.fr\/wp-content\/uploads\/2018\/01\/Article-Le-Boxing-Club-pr\u00e9pare-le-2\u00e8me-round-2-Janvier-2018.jpg\"><img decoding=\"async\" loading=\"lazy\" class=\"alignnone size-full wp-image-517\" src=\"http:\/\/ghae.fr\/wp-content\/uploads\/2018\/01\/Article-Le-Boxing-Club-pr\u00e9pare-le-2\u00e8me-round-2-Janvier-2018.jpg\" alt=\"\" width=\"795\" height=\"725\" srcset=\"http:\/\/ghae.fr\/wp-content\/uploads\/2018\/01\/Article-Le-Boxing-Club-pr\u00e9pare-le-2\u00e8me-round-2-Janvier-2018.jpg 795w, http:\/\/ghae.fr\/wp-content\/uploads\/2018\/01\/Article-Le-Boxing-Club-pr\u00e9pare-le-2\u00e8me-round-2-Janvier-2018-300x274.jpg 300w, http:\/\/ghae.fr\/wp-content\/uploads\/2018\/01\/Article-Le-Boxing-Club-pr\u00e9pare-le-2\u00e8me-round-2-Janvier-2018-768x700.jpg 768w\" sizes=\"(max-width: 795px) 100vw, 795px\" \/><\/a><\/p>\n<p>2018 :<\/p>\n<p><a href=\"http:\/\/ghae.fr\/wp-content\/uploads\/2018\/02\/Sud-Ouest-16-02-2018.jpg\"><img decoding=\"async\" loading=\"lazy\" class=\"alignnone size-full wp-image-520\" src=\"http:\/\/ghae.fr\/wp-content\/uploads\/2018\/02\/Sud-Ouest-16-02-2018.jpg\" alt=\"\" width=\"953\" height=\"734\" srcset=\"http:\/\/ghae.fr\/wp-content\/uploads\/2018\/02\/Sud-Ouest-16-02-2018.jpg 953w, http:\/\/ghae.fr\/wp-content\/uploads\/2018\/02\/Sud-Ouest-16-02-2018-300x231.jpg 300w, http:\/\/ghae.fr\/wp-content\/uploads\/2018\/02\/Sud-Ouest-16-02-2018-768x592.jpg 768w\" sizes=\"(max-width: 953px) 100vw, 953px\" \/><\/a><\/p>\n<p><a href=\"http:\/\/ghae.fr\/wp-content\/uploads\/2018\/02\/La-R\u00e9publique-26-02-2018.jpg\"><img decoding=\"async\" loading=\"lazy\" class=\"alignnone size-full wp-image-521\" src=\"http:\/\/ghae.fr\/wp-content\/uploads\/2018\/02\/La-R\u00e9publique-26-02-2018.jpg\" alt=\"\" width=\"1163\" height=\"705\" srcset=\"http:\/\/ghae.fr\/wp-content\/uploads\/2018\/02\/La-R\u00e9publique-26-02-2018.jpg 1163w, http:\/\/ghae.fr\/wp-content\/uploads\/2018\/02\/La-R\u00e9publique-26-02-2018-300x182.jpg 300w, http:\/\/ghae.fr\/wp-content\/uploads\/2018\/02\/La-R\u00e9publique-26-02-2018-768x466.jpg 768w, http:\/\/ghae.fr\/wp-content\/uploads\/2018\/02\/La-R\u00e9publique-26-02-2018-1024x621.jpg 1024w\" sizes=\"(max-width: 1163px) 100vw, 1163px\" \/><\/a><\/p>\n<p>\u00a0<\/p>\n<p><a href=\"http:\/\/ghae.fr\/wp-content\/uploads\/2018\/04\/Article-Sud-Ouest-9-Avril-2018-1.jpg\"><img decoding=\"async\" loading=\"lazy\" class=\"alignnone size-full wp-image-533\" src=\"http:\/\/ghae.fr\/wp-content\/uploads\/2018\/04\/Article-Sud-Ouest-9-Avril-2018-1.jpg\" alt=\"\" width=\"751\" height=\"713\" srcset=\"http:\/\/ghae.fr\/wp-content\/uploads\/2018\/04\/Article-Sud-Ouest-9-Avril-2018-1.jpg 751w, http:\/\/ghae.fr\/wp-content\/uploads\/2018\/04\/Article-Sud-Ouest-9-Avril-2018-1-300x285.jpg 300w\" sizes=\"(max-width: 751px) 100vw, 751px\" \/><\/a><\/p>\n<p><a href=\"http:\/\/ghae.fr\/wp-content\/uploads\/2018\/05\/Article_Guillaume.jpg\"><img decoding=\"async\" loading=\"lazy\" class=\"alignnone size-full wp-image-538\" src=\"http:\/\/ghae.fr\/wp-content\/uploads\/2018\/05\/Article_Guillaume.jpg\" alt=\"\" width=\"1090\" height=\"708\" srcset=\"http:\/\/ghae.fr\/wp-content\/uploads\/2018\/05\/Article_Guillaume.jpg 1090w, http:\/\/ghae.fr\/wp-content\/uploads\/2018\/05\/Article_Guillaume-300x195.jpg 300w, http:\/\/ghae.fr\/wp-content\/uploads\/2018\/05\/Article_Guillaume-768x499.jpg 768w, http:\/\/ghae.fr\/wp-content\/uploads\/2018\/05\/Article_Guillaume-1024x665.jpg 1024w\" sizes=\"(max-width: 1090px) 100vw, 1090px\" \/><\/a><\/p>\n<p><a href=\"https:\/\/www.sudouest.fr\/2018\/08\/03\/un-orthezien-defile-dans-les-rues-de-cuba-5283220-4329.php\" target=\"_blank\" rel=\"noopener noreferrer\">Un Orth\u00e9zien d\u00e9file dans les rues de Cuba &#8211; Sud Ouest 3 Ao\u00fbt 2018<\/a><\/p>\n<p><a href=\"http:\/\/ghae.fr\/wp-content\/uploads\/2018\/08\/Article-Sud-Ouest-03-08-2018.jpg\"><img decoding=\"async\" loading=\"lazy\" class=\"alignnone size-full wp-image-542\" src=\"http:\/\/ghae.fr\/wp-content\/uploads\/2018\/08\/Article-Sud-Ouest-03-08-2018.jpg\" alt=\"\" width=\"672\" height=\"879\" srcset=\"http:\/\/ghae.fr\/wp-content\/uploads\/2018\/08\/Article-Sud-Ouest-03-08-2018.jpg 672w, http:\/\/ghae.fr\/wp-content\/uploads\/2018\/08\/Article-Sud-Ouest-03-08-2018-229x300.jpg 229w\" sizes=\"(max-width: 672px) 100vw, 672px\" \/><\/a><\/p>\n<p>2019 :<\/p>\n<p><a href=\"https:\/\/www.sudouest.fr\/2019\/10\/07\/orthez-le-boxing-club-prepare-un-gala-aux-arenes-pour-2020-6665030-4329.php?fbclid=IwAR24XC-Dn9EDHy3qYI6EVAXTAtMlvbdnUIQdl4SURZJlwk3gE6BCfT7PnkU\" target=\"_blank\" rel=\"noopener noreferrer\">Orthez : le boxing club pr\u00e9pare un gala aux ar\u00e8nes pour 2020<\/a><\/p>\n<p>\u00a0<\/p>\n<p><script>\/\/ <![CDATA[ (function(i,s,o,g,r,a,m){i['GoogleAnalyticsObject']=r;i[r]=i[r]||function(){ (i[r].q=i[r].q||[]).push(arguments)},i[r].l=1*new Date();a=s.createElement(o), m=s.getElementsByTagName(o)[0];a.async=1;a.src=g;m.parentNode.insertBefore(a,m) })(window,document,'script','\/\/www.google-analytics.com\/analytics.js','ga'); ga('create', 'UA-62722757-1', 'auto'); ga('send', 'pageview'); \/\/ ]]><\/script><\/p>\n\n\n<figure class=\"wp-block-image\"><img decoding=\"async\" loading=\"lazy\" width=\"519\" height=\"633\" src=\"http:\/\/ghae.fr\/wp-content\/uploads\/2019\/10\/Orthez-le-boxing-club-pr\u00e9pare-un-gala-aux-ar\u00e8nes-pour-2020-Sud-Ouest-07-10-2019.jpg\" alt=\"\" class=\"wp-image-559\" srcset=\"http:\/\/ghae.fr\/wp-content\/uploads\/2019\/10\/Orthez-le-boxing-club-pr\u00e9pare-un-gala-aux-ar\u00e8nes-pour-2020-Sud-Ouest-07-10-2019.jpg 519w, http:\/\/ghae.fr\/wp-content\/uploads\/2019\/10\/Orthez-le-boxing-club-pr\u00e9pare-un-gala-aux-ar\u00e8nes-pour-2020-Sud-Ouest-07-10-2019-246x300.jpg 246w\" sizes=\"(max-width: 519px) 100vw, 519px\" \/><\/figure>\n","protected":false},"excerpt":{"rendered":"<p>Archives journalistiques personnelles et professionnelles 2012 : Le Boxing club un peu \u00e0 l&rsquo;\u00e9troit &#8211; La R\u00e9publique 28 Janvier 2012 Une nouvelle association cr\u00e9\u00e9e autour du sport : l&rsquo;Orth\u00e9zienne &#8211; La R\u00e9publique 23 Avril 2012 L&rsquo;Orth\u00e9zienne est en marche &#8211; La R\u00e9publique 22 Juin 2012 \u00c0 vos baskets mesdames! &#8211; Sud Ouest 23 Juin 2012 [&hellip;]<\/p>\n","protected":false},"author":1,"featured_media":0,"parent":102,"menu_order":1,"comment_status":"closed","ping_status":"open","template":"","meta":[],"_links":{"self":[{"href":"http:\/\/ghae.fr\/index.php?rest_route=\/wp\/v2\/pages\/104"}],"collection":[{"href":"http:\/\/ghae.fr\/index.php?rest_route=\/wp\/v2\/pages"}],"about":[{"href":"http:\/\/ghae.fr\/index.php?rest_route=\/wp\/v2\/types\/page"}],"author":[{"embeddable":true,"href":"http:\/\/ghae.fr\/index.php?rest_route=\/wp\/v2\/users\/1"}],"replies":[{"embeddable":true,"href":"http:\/\/ghae.fr\/index.php?rest_route=%2Fwp%2Fv2%2Fcomments&post=104"}],"version-history":[{"count":23,"href":"http:\/\/ghae.fr\/index.php?rest_route=\/wp\/v2\/pages\/104\/revisions"}],"predecessor-version":[{"id":561,"href":"http:\/\/ghae.fr\/index.php?rest_route=\/wp\/v2\/pages\/104\/revisions\/561"}],"up":[{"embeddable":true,"href":"http:\/\/ghae.fr\/index.php?rest_route=\/wp\/v2\/pages\/102"}],"wp:attachment":[{"href":"http:\/\/ghae.fr\/index.php?rest_route=%2Fwp%2Fv2%2Fmedia&parent=104"}],"curies":[{"name":"wp","href":"https:\/\/api.w.org\/{rel}","templated":true}]}}