{"id":41,"date":"2014-02-27T23:57:39","date_gmt":"2014-02-27T22:57:39","guid":{"rendered":"http:\/\/ghae.fr\/?page_id=41"},"modified":"2017-02-03T17:47:13","modified_gmt":"2017-02-03T16:47:13","slug":"accueil","status":"publish","type":"page","link":"http:\/\/ghae.fr\/","title":{"rendered":"Accueil"},"content":{"rendered":"<p><span style=\"color: #00ccff;\">Bienvenue !<\/span><\/p>\n<p><span style=\"color: #00ccff;\">Je suis heureux de vous accueillir sur mon site internet.<\/span><\/p>\n<p><span style=\"color: #00ccff;\">J\u2019ai d\u00e9cid\u00e9 de cr\u00e9er cette plateforme afin de vous pr\u00e9senter les prestations que je propose.<\/span><\/p>\n<p><span style=\"color: #00ccff;\">Vous trouverez ici un certain nombre d\u2019aspects de ma vie personnelle et professionnelle. On dit souvent qu\u2019il est p\u00e9rilleux de les faire cohabiter, mais je ne crains pas qu\u2019elles interf\u00e8rent, je crois plut\u00f4t qu\u2019elles interagissent.<\/span><\/p>\n<p><span style=\"color: #00ccff;\">J\u2019esp\u00e8re que ce site vous en apprendra un peu sur moi, et surtout qu\u2019il nous permettra de nous rencontrer autour de projets communs. N\u2019h\u00e9sitez pas pour cela \u00e0 me contacter via la rubrique Contact.<\/span><\/p>\n<p><span style=\"color: #00ccff;\">Je vous souhaite une bonne navigation,<\/span><\/p>\n<p><span style=\"color: #00ccff;\">Guillaume<\/span><\/p>\n<p style=\"text-align: center;\"><a href=\"http:\/\/ghae.fr\/wp-content\/uploads\/2014\/02\/Gala-2016.jpg\"><img decoding=\"async\" loading=\"lazy\" class=\"alignnone size-full wp-image-413\" src=\"http:\/\/ghae.fr\/wp-content\/uploads\/2014\/02\/Gala-2016.jpg\" alt=\"Gala 2016\" width=\"1511\" height=\"509\" srcset=\"http:\/\/ghae.fr\/wp-content\/uploads\/2014\/02\/Gala-2016.jpg 1511w, http:\/\/ghae.fr\/wp-content\/uploads\/2014\/02\/Gala-2016-300x101.jpg 300w, http:\/\/ghae.fr\/wp-content\/uploads\/2014\/02\/Gala-2016-768x259.jpg 768w, http:\/\/ghae.fr\/wp-content\/uploads\/2014\/02\/Gala-2016-1024x345.jpg 1024w\" sizes=\"(max-width: 1511px) 100vw, 1511px\" \/><\/a><\/p>\n<p style=\"text-align: center;\"><span style=\"color: #000000;\">\u00a0<\/span><\/p>\n","protected":false},"excerpt":{"rendered":"<p>Bienvenue ! Je suis heureux de vous accueillir sur mon site internet. J\u2019ai d\u00e9cid\u00e9 de cr\u00e9er cette plateforme afin de vous pr\u00e9senter les prestations que je propose. Vous trouverez ici un certain nombre d\u2019aspects de ma vie personnelle et professionnelle. On dit souvent qu\u2019il est p\u00e9rilleux de les faire cohabiter, mais je ne crains pas [&hellip;]<\/p>\n","protected":false},"author":1,"featured_media":0,"parent":0,"menu_order":0,"comment_status":"closed","ping_status":"open","template":"","meta":[],"_links":{"self":[{"href":"http:\/\/ghae.fr\/index.php?rest_route=\/wp\/v2\/pages\/41"}],"collection":[{"href":"http:\/\/ghae.fr\/index.php?rest_route=\/wp\/v2\/pages"}],"about":[{"href":"http:\/\/ghae.fr\/index.php?rest_route=\/wp\/v2\/types\/page"}],"author":[{"embeddable":true,"href":"http:\/\/ghae.fr\/index.php?rest_route=\/wp\/v2\/users\/1"}],"replies":[{"embeddable":true,"href":"http:\/\/ghae.fr\/index.php?rest_route=%2Fwp%2Fv2%2Fcomments&post=41"}],"version-history":[{"count":20,"href":"http:\/\/ghae.fr\/index.php?rest_route=\/wp\/v2\/pages\/41\/revisions"}],"predecessor-version":[{"id":444,"href":"http:\/\/ghae.fr\/index.php?rest_route=\/wp\/v2\/pages\/41\/revisions\/444"}],"wp:attachment":[{"href":"http:\/\/ghae.fr\/index.php?rest_route=%2Fwp%2Fv2%2Fmedia&parent=41"}],"curies":[{"name":"wp","href":"https:\/\/api.w.org\/{rel}","templated":true}]}}